-- phpMyAdmin SQL Dump
-- version 4.2.12deb2+deb8u2
-- http://www.phpmyadmin.net
--
-- Client :  localhost
-- Généré le :  Ven 31 Mars 2017 à 11:49
-- Version du serveur :  5.5.54-0+deb8u1
-- Version de PHP :  5.6.30-0+deb8u1

SET SQL_MODE = "NO_AUTO_VALUE_ON_ZERO";
SET time_zone = "+00:00";


/*!40101 SET @OLD_CHARACTER_SET_CLIENT=@@CHARACTER_SET_CLIENT */;
/*!40101 SET @OLD_CHARACTER_SET_RESULTS=@@CHARACTER_SET_RESULTS */;
/*!40101 SET @OLD_COLLATION_CONNECTION=@@COLLATION_CONNECTION */;
/*!40101 SET NAMES utf8 */;

--
-- Base de données :  `db_wms`
--
CREATE DATABASE IF NOT EXISTS `db_wms` DEFAULT CHARACTER SET latin1 COLLATE latin1_swedish_ci;
USE `db_wms`;

-- --------------------------------------------------------

--
-- Structure de la table `fournisseurs`
--

CREATE TABLE IF NOT EXISTS `fournisseurs` (
`id` int(11) NOT NULL,
  `nom` varchar(40) NOT NULL,
  `code_pays` varchar(3) NOT NULL
) ENGINE=InnoDB AUTO_INCREMENT=4 DEFAULT CHARSET=latin1;

--
-- Contenu de la table `fournisseurs`
--

INSERT INTO `fournisseurs` (`id`, `nom`, `code_pays`) VALUES
(1, 'CLARKSON AND CO', 'GB'),
(2, 'RODRIGUEZ S. COOP. LTDA.', 'ES'),
(3, 'ETABLISSEMENTS DUPONT', 'FR');

-- --------------------------------------------------------

--
-- Structure de la table `lots`
--

CREATE TABLE IF NOT EXISTS `lots` (
  `numero` varchar(20) NOT NULL,
  `id_produit` int(11) NOT NULL,
  `quantite` int(11) NOT NULL
) ENGINE=InnoDB DEFAULT CHARSET=latin1;

--
-- Contenu de la table `lots`
--

INSERT INTO `lots` (`numero`, `id_produit`, `quantite`) VALUES
('EN01001200', 3, 50),
('EN01001300', 3, 10),
('EN01001400', 3, 50),
('EN01001802', 3, 10),
('EN01002100', 2, 150),
('EN01002101', 2, 150),
('ES000AB8', 1, 10),
('ES000EF9', 1, 10),
('FR000012001B', 5, 100),
('FR000012013B', 5, 100),
('FR000012018B', 4, 100),
('FR000012021B', 5, 100),
('FR000012049B', 4, 100),
('FR000013002A', 6, 1),
('FR000013400A', 6, 1),
('FR000013450B', 4, 100),
('FR000013880B', 4, 100),
('FR000013887B', 4, 100),
('FR000018023A', 6, 1);

-- --------------------------------------------------------

--
-- Structure de la table `produits`
--

CREATE TABLE IF NOT EXISTS `produits` (
`id` int(11) NOT NULL,
  `nom` varchar(40) NOT NULL,
  `id_fournisseur` int(11) NOT NULL,
  `prix_unitaire_ht` decimal(10,2) NOT NULL
) ENGINE=InnoDB AUTO_INCREMENT=7 DEFAULT CHARSET=latin1;

--
-- Contenu de la table `produits`
--

INSERT INTO `produits` (`id`, `nom`, `id_fournisseur`, `prix_unitaire_ht`) VALUES
(1, 'Aerosol', 1, 3.50),
(2, 'Colle', 3, 5.00),
(3, 'Caoutchouc', 1, 10.00),
(4, 'Résine', 2, 7.25),
(5, 'Solvant', 2, 20.00),
(6, 'Air Liquide', 3, 500.00);

--
-- Index pour les tables exportées
--

--
-- Index pour la table `fournisseurs`
--
ALTER TABLE `fournisseurs`
 ADD PRIMARY KEY (`id`);

--
-- Index pour la table `lots`
--
ALTER TABLE `lots`
 ADD PRIMARY KEY (`numero`), ADD KEY `id_produit` (`id_produit`);

--
-- Index pour la table `produits`
--
ALTER TABLE `produits`
 ADD PRIMARY KEY (`id`), ADD KEY `id_fournisseur` (`id_fournisseur`);

--
-- AUTO_INCREMENT pour les tables exportées
--

--
-- AUTO_INCREMENT pour la table `fournisseurs`
--
ALTER TABLE `fournisseurs`
MODIFY `id` int(11) NOT NULL AUTO_INCREMENT,AUTO_INCREMENT=4;
--
-- AUTO_INCREMENT pour la table `produits`
--
ALTER TABLE `produits`
MODIFY `id` int(11) NOT NULL AUTO_INCREMENT,AUTO_INCREMENT=7;
--
-- Contraintes pour les tables exportées
--

--
-- Contraintes pour la table `lots`
--
ALTER TABLE `lots`
ADD CONSTRAINT `lots_ibfk_1` FOREIGN KEY (`id_produit`) REFERENCES `produits` (`id`) ON DELETE CASCADE ON UPDATE CASCADE;

--
-- Contraintes pour la table `produits`
--
ALTER TABLE `produits`
ADD CONSTRAINT `produits_ibfk_1` FOREIGN KEY (`id_fournisseur`) REFERENCES `fournisseurs` (`id`) ON DELETE CASCADE ON UPDATE CASCADE;

/*!40101 SET CHARACTER_SET_CLIENT=@OLD_CHARACTER_SET_CLIENT */;
/*!40101 SET CHARACTER_SET_RESULTS=@OLD_CHARACTER_SET_RESULTS */;
/*!40101 SET COLLATION_CONNECTION=@OLD_COLLATION_CONNECTION */;
